{"id":170,"date":"2017-03-22T12:42:34","date_gmt":"2017-03-22T12:42:34","guid":{"rendered":"https:\/\/www.hospizhilfe-siegen.de\/?page_id=170"},"modified":"2024-09-06T10:20:35","modified_gmt":"2024-09-06T10:20:35","slug":"trauerberatung","status":"publish","type":"page","link":"https:\/\/www.hospizhilfe-siegen.de\/?page_id=170","title":{"rendered":"Trauerbegleitung"},"content":{"rendered":"\n<div class=\"wp-block-group is-layout-flow wp-block-group-is-layout-flow\">\n<div class=\"wp-block-group is-layout-flow wp-block-group-is-layout-flow\">\n<div class=\"wp-block-group is-layout-flow wp-block-group-is-layout-flow\">\n<div class=\"wp-block-group is-layout-flow wp-block-group-is-layout-flow\">\n<div class=\"wp-block-group is-layout-flow wp-block-group-is-layout-flow\">\n<figure class=\"wp-block-image alignright size-large is-resized\"><img loading=\"lazy\" decoding=\"async\" width=\"681\" height=\"1024\" src=\"https:\/\/www.hospizhilfe-siegen.de\/wp-content\/uploads\/2019\/08\/DSC_0031-681x1024.jpg\" alt=\"\" class=\"wp-image-1249\" style=\"width:361px;height:542px\" srcset=\"https:\/\/www.hospizhilfe-siegen.de\/wp-content\/uploads\/2019\/08\/DSC_0031-681x1024.jpg 681w, https:\/\/www.hospizhilfe-siegen.de\/wp-content\/uploads\/2019\/08\/DSC_0031-199x300.jpg 199w, https:\/\/www.hospizhilfe-siegen.de\/wp-content\/uploads\/2019\/08\/DSC_0031-768x1155.jpg 768w, https:\/\/www.hospizhilfe-siegen.de\/wp-content\/uploads\/2019\/08\/DSC_0031.jpg 2000w\" sizes=\"auto, (max-width: 681px) 100vw, 681px\" \/><\/figure>\n<\/div>\n<\/div>\n<\/div>\n<\/div>\n<\/div>\n\n\n\n<div class=\"wp-block-group is-layout-flow wp-block-group-is-layout-flow\">\n<div class=\"wp-block-group is-layout-flow wp-block-group-is-layout-flow\">\n<p><em>So geht es nicht<\/em><br><em> Im Vor\u00fcbergehen fragt<\/em><br><em> Mein Nachbar, wie es geht.<\/em><br><em> Er fragt nicht, weil er mitgehen will.<\/em><br><em> Er fragt, weil er weitergehen will.<\/em><br><em> Ich antworte, es geht.<\/em><br><em> Aber es geht nicht.<\/em><br><em> So nicht.<\/em><br><em> (Rudolf Bohren)<\/em><\/p>\n<\/div>\n<\/div>\n\n\n\n<p>Jemand, der mir nahe steht, stirbt.&nbsp; Die Welt steht Kopf, alles ist anders.&nbsp; Ich wurde nicht gefragt und<br>ich bin mir fremd.&nbsp; Freunde und Verwandte wissen nicht, wie sie mit mir umgehen sollen.<br>Das Leben geht an mir vor\u00fcber.<br>Ich stehe daneben.&nbsp; Wer trauert, braucht Geduld,&nbsp;Mut, seinen eigenen Weg zu finden,<br>M\u00f6glichkeiten, sich mitzuteilen und&nbsp;die Trauer auszudr\u00fccken,&nbsp; Menschen, die zuh\u00f6ren.<\/p>\n\n\n\n<h2 class=\"wp-block-heading\">Angebote:<\/h2>\n\n\n\n<p>In den <strong>Trauercaf\u00e9s<\/strong> im Haus Herbstzeitlos und Heilig Kreuz in Weidenau k\u00f6nnen sich Trauernde zum Austausch treffen. <br><strong>Trauerwanderungen<\/strong> laden ein, miteinander einen gemeinsamen Weg zu gehen und ins Gespr\u00e4ch zu kommen.<br>Anbieten k\u00f6nnen  au\u00dferdem wir Einzelgespr\u00e4che und auch Beratung und Begleitung \u00fcber einen l\u00e4ngeren Zeitraum.<br>Die <strong>Trauerkomb\u00fcse<\/strong> ist ein Angebot f\u00fcr trauernde M\u00e4nner. Gemeinsam kochen und miteinander essen steht ebenso, wie der Austausch untereinander im Mittelpunkt der Treffen.<\/p>\n\n\n\n<p><strong>F\u00fcr weitere  Informationen und zum Gespr\u00e4ch melden Sie sich bitte  !<\/strong><br>Telefon: 0271\/23602-67 oder 0160 99494056<br>Email: <a href=\"mailto:koordination-hospizarbeit@caritas-siegen.de\">koordination-hospizarbeit@caritas-siegen.de<\/a><\/p>\n\n\n\n<p>Mit einer Spende k\u00f6nnen Sie unsere Trauerarbeit unterst\u00fctzen<br><strong>Sparkasse Siegen<br>IBAN: DE42 4605 0001 0000 079 079<\/strong><\/p>\n","protected":false},"excerpt":{"rendered":"<p>So geht es nicht Im Vor\u00fcbergehen fragt Mein Nachbar, wie es geht. Er fragt nicht, weil er mitgehen will. Er fragt, weil er weitergehen will. Ich antworte, es geht. Aber es geht nicht. So nicht. (Rudolf Bohren) Jemand, der mir<\/p>\n","protected":false},"author":2,"featured_media":0,"parent":21,"menu_order":0,"comment_status":"closed","ping_status":"closed","template":"","meta":{"_mc_calendar":[],"footnotes":""},"class_list":["post-170","page","type-page","status-publish","hentry"],"yoast_head":"<!-- This site is optimized with the Yoast SEO plugin v26.3 - https:\/\/yoast.com\/wordpress\/plugins\/seo\/ -->\n<title>Trauerbegleitung - hospizhilfe siegen<\/title>\n<meta name=\"robots\" content=\"index, follow, max-snippet:-1, max-image-preview:large, max-video-preview:-1\" \/>\n<link rel=\"canonical\" href=\"https:\/\/www.hospizhilfe-siegen.de\/?page_id=170\" \/>\n<meta property=\"og:locale\" content=\"de_DE\" \/>\n<meta property=\"og:type\" content=\"article\" \/>\n<meta property=\"og:title\" content=\"Trauerbegleitung - hospizhilfe siegen\" \/>\n<meta property=\"og:description\" content=\"So geht es nicht Im Vor\u00fcbergehen fragt Mein Nachbar, wie es geht. Er fragt nicht, weil er mitgehen will. Er fragt, weil er weitergehen will. Ich antworte, es geht. Aber es geht nicht. So nicht. (Rudolf Bohren) Jemand, der mir\" \/>\n<meta property=\"og:url\" content=\"https:\/\/www.hospizhilfe-siegen.de\/?page_id=170\" \/>\n<meta property=\"og:site_name\" content=\"hospizhilfe siegen\" \/>\n<meta property=\"article:publisher\" content=\"https:\/\/www.facebook.com\/HospizhilfeSiegen\" \/>\n<meta property=\"article:modified_time\" content=\"2024-09-06T10:20:35+00:00\" \/>\n<meta property=\"og:image\" content=\"https:\/\/www.hospizhilfe-siegen.de\/wp-content\/uploads\/2019\/08\/DSC_0031-681x1024.jpg\" \/>\n<meta name=\"twitter:card\" content=\"summary_large_image\" \/>\n<meta name=\"twitter:label1\" content=\"Gesch\u00e4tzte Lesezeit\" \/>\n\t<meta name=\"twitter:data1\" content=\"2\u00a0Minuten\" \/>\n<script type=\"application\/ld+json\" class=\"yoast-schema-graph\">{\"@context\":\"https:\/\/schema.org\",\"@graph\":[{\"@type\":\"WebPage\",\"@id\":\"https:\/\/www.hospizhilfe-siegen.de\/?page_id=170\",\"url\":\"https:\/\/www.hospizhilfe-siegen.de\/?page_id=170\",\"name\":\"Trauerbegleitung - hospizhilfe siegen\",\"isPartOf\":{\"@id\":\"https:\/\/www.hospizhilfe-siegen.de\/#website\"},\"primaryImageOfPage\":{\"@id\":\"https:\/\/www.hospizhilfe-siegen.de\/?page_id=170#primaryimage\"},\"image\":{\"@id\":\"https:\/\/www.hospizhilfe-siegen.de\/?page_id=170#primaryimage\"},\"thumbnailUrl\":\"https:\/\/www.hospizhilfe-siegen.de\/wp-content\/uploads\/2019\/08\/DSC_0031-681x1024.jpg\",\"datePublished\":\"2017-03-22T12:42:34+00:00\",\"dateModified\":\"2024-09-06T10:20:35+00:00\",\"breadcrumb\":{\"@id\":\"https:\/\/www.hospizhilfe-siegen.de\/?page_id=170#breadcrumb\"},\"inLanguage\":\"de\",\"potentialAction\":[{\"@type\":\"ReadAction\",\"target\":[\"https:\/\/www.hospizhilfe-siegen.de\/?page_id=170\"]}]},{\"@type\":\"ImageObject\",\"inLanguage\":\"de\",\"@id\":\"https:\/\/www.hospizhilfe-siegen.de\/?page_id=170#primaryimage\",\"url\":\"https:\/\/www.hospizhilfe-siegen.de\/wp-content\/uploads\/2019\/08\/DSC_0031.jpg\",\"contentUrl\":\"https:\/\/www.hospizhilfe-siegen.de\/wp-content\/uploads\/2019\/08\/DSC_0031.jpg\",\"width\":2000,\"height\":3008},{\"@type\":\"BreadcrumbList\",\"@id\":\"https:\/\/www.hospizhilfe-siegen.de\/?page_id=170#breadcrumb\",\"itemListElement\":[{\"@type\":\"ListItem\",\"position\":1,\"name\":\"Startseite\",\"item\":\"https:\/\/www.hospizhilfe-siegen.de\/\"},{\"@type\":\"ListItem\",\"position\":2,\"name\":\"f\u00fcr Angeh\u00f6rige\",\"item\":\"https:\/\/www.hospizhilfe-siegen.de\/?page_id=21\"},{\"@type\":\"ListItem\",\"position\":3,\"name\":\"Trauerbegleitung\"}]},{\"@type\":\"WebSite\",\"@id\":\"https:\/\/www.hospizhilfe-siegen.de\/#website\",\"url\":\"https:\/\/www.hospizhilfe-siegen.de\/\",\"name\":\"hospizhilfe siegen\",\"description\":\"\",\"publisher\":{\"@id\":\"https:\/\/www.hospizhilfe-siegen.de\/#organization\"},\"potentialAction\":[{\"@type\":\"SearchAction\",\"target\":{\"@type\":\"EntryPoint\",\"urlTemplate\":\"https:\/\/www.hospizhilfe-siegen.de\/?s={search_term_string}\"},\"query-input\":{\"@type\":\"PropertyValueSpecification\",\"valueRequired\":true,\"valueName\":\"search_term_string\"}}],\"inLanguage\":\"de\"},{\"@type\":\"Organization\",\"@id\":\"https:\/\/www.hospizhilfe-siegen.de\/#organization\",\"name\":\"Ambulante \u00f6kumenische Hospizhilfe Siegen e.V.\",\"url\":\"https:\/\/www.hospizhilfe-siegen.de\/\",\"logo\":{\"@type\":\"ImageObject\",\"inLanguage\":\"de\",\"@id\":\"https:\/\/www.hospizhilfe-siegen.de\/#\/schema\/logo\/image\/\",\"url\":\"https:\/\/www.hospizhilfe-siegen.de\/wp-content\/uploads\/2017\/03\/logo_400.jpg\",\"contentUrl\":\"https:\/\/www.hospizhilfe-siegen.de\/wp-content\/uploads\/2017\/03\/logo_400.jpg\",\"width\":407,\"height\":159,\"caption\":\"Ambulante \u00f6kumenische Hospizhilfe Siegen e.V.\"},\"image\":{\"@id\":\"https:\/\/www.hospizhilfe-siegen.de\/#\/schema\/logo\/image\/\"},\"sameAs\":[\"https:\/\/www.facebook.com\/HospizhilfeSiegen\"]}]}<\/script>\n<!-- \/ Yoast SEO plugin. -->","yoast_head_json":{"title":"Trauerbegleitung - hospizhilfe siegen","robots":{"index":"index","follow":"follow","max-snippet":"max-snippet:-1","max-image-preview":"max-image-preview:large","max-video-preview":"max-video-preview:-1"},"canonical":"https:\/\/www.hospizhilfe-siegen.de\/?page_id=170","og_locale":"de_DE","og_type":"article","og_title":"Trauerbegleitung - hospizhilfe siegen","og_description":"So geht es nicht Im Vor\u00fcbergehen fragt Mein Nachbar, wie es geht. Er fragt nicht, weil er mitgehen will. Er fragt, weil er weitergehen will. Ich antworte, es geht. Aber es geht nicht. So nicht. (Rudolf Bohren) Jemand, der mir","og_url":"https:\/\/www.hospizhilfe-siegen.de\/?page_id=170","og_site_name":"hospizhilfe siegen","article_publisher":"https:\/\/www.facebook.com\/HospizhilfeSiegen","article_modified_time":"2024-09-06T10:20:35+00:00","og_image":[{"url":"https:\/\/www.hospizhilfe-siegen.de\/wp-content\/uploads\/2019\/08\/DSC_0031-681x1024.jpg","type":"","width":"","height":""}],"twitter_card":"summary_large_image","twitter_misc":{"Gesch\u00e4tzte Lesezeit":"2\u00a0Minuten"},"schema":{"@context":"https:\/\/schema.org","@graph":[{"@type":"WebPage","@id":"https:\/\/www.hospizhilfe-siegen.de\/?page_id=170","url":"https:\/\/www.hospizhilfe-siegen.de\/?page_id=170","name":"Trauerbegleitung - hospizhilfe siegen","isPartOf":{"@id":"https:\/\/www.hospizhilfe-siegen.de\/#website"},"primaryImageOfPage":{"@id":"https:\/\/www.hospizhilfe-siegen.de\/?page_id=170#primaryimage"},"image":{"@id":"https:\/\/www.hospizhilfe-siegen.de\/?page_id=170#primaryimage"},"thumbnailUrl":"https:\/\/www.hospizhilfe-siegen.de\/wp-content\/uploads\/2019\/08\/DSC_0031-681x1024.jpg","datePublished":"2017-03-22T12:42:34+00:00","dateModified":"2024-09-06T10:20:35+00:00","breadcrumb":{"@id":"https:\/\/www.hospizhilfe-siegen.de\/?page_id=170#breadcrumb"},"inLanguage":"de","potentialAction":[{"@type":"ReadAction","target":["https:\/\/www.hospizhilfe-siegen.de\/?page_id=170"]}]},{"@type":"ImageObject","inLanguage":"de","@id":"https:\/\/www.hospizhilfe-siegen.de\/?page_id=170#primaryimage","url":"https:\/\/www.hospizhilfe-siegen.de\/wp-content\/uploads\/2019\/08\/DSC_0031.jpg","contentUrl":"https:\/\/www.hospizhilfe-siegen.de\/wp-content\/uploads\/2019\/08\/DSC_0031.jpg","width":2000,"height":3008},{"@type":"BreadcrumbList","@id":"https:\/\/www.hospizhilfe-siegen.de\/?page_id=170#breadcrumb","itemListElement":[{"@type":"ListItem","position":1,"name":"Startseite","item":"https:\/\/www.hospizhilfe-siegen.de\/"},{"@type":"ListItem","position":2,"name":"f\u00fcr Angeh\u00f6rige","item":"https:\/\/www.hospizhilfe-siegen.de\/?page_id=21"},{"@type":"ListItem","position":3,"name":"Trauerbegleitung"}]},{"@type":"WebSite","@id":"https:\/\/www.hospizhilfe-siegen.de\/#website","url":"https:\/\/www.hospizhilfe-siegen.de\/","name":"hospizhilfe siegen","description":"","publisher":{"@id":"https:\/\/www.hospizhilfe-siegen.de\/#organization"},"potentialAction":[{"@type":"SearchAction","target":{"@type":"EntryPoint","urlTemplate":"https:\/\/www.hospizhilfe-siegen.de\/?s={search_term_string}"},"query-input":{"@type":"PropertyValueSpecification","valueRequired":true,"valueName":"search_term_string"}}],"inLanguage":"de"},{"@type":"Organization","@id":"https:\/\/www.hospizhilfe-siegen.de\/#organization","name":"Ambulante \u00f6kumenische Hospizhilfe Siegen e.V.","url":"https:\/\/www.hospizhilfe-siegen.de\/","logo":{"@type":"ImageObject","inLanguage":"de","@id":"https:\/\/www.hospizhilfe-siegen.de\/#\/schema\/logo\/image\/","url":"https:\/\/www.hospizhilfe-siegen.de\/wp-content\/uploads\/2017\/03\/logo_400.jpg","contentUrl":"https:\/\/www.hospizhilfe-siegen.de\/wp-content\/uploads\/2017\/03\/logo_400.jpg","width":407,"height":159,"caption":"Ambulante \u00f6kumenische Hospizhilfe Siegen e.V."},"image":{"@id":"https:\/\/www.hospizhilfe-siegen.de\/#\/schema\/logo\/image\/"},"sameAs":["https:\/\/www.facebook.com\/HospizhilfeSiegen"]}]}},"_links":{"self":[{"href":"https:\/\/www.hospizhilfe-siegen.de\/index.php?rest_route=\/wp\/v2\/pages\/170","targetHints":{"allow":["GET"]}}],"collection":[{"href":"https:\/\/www.hospizhilfe-siegen.de\/index.php?rest_route=\/wp\/v2\/pages"}],"about":[{"href":"https:\/\/www.hospizhilfe-siegen.de\/index.php?rest_route=\/wp\/v2\/types\/page"}],"author":[{"embeddable":true,"href":"https:\/\/www.hospizhilfe-siegen.de\/index.php?rest_route=\/wp\/v2\/users\/2"}],"replies":[{"embeddable":true,"href":"https:\/\/www.hospizhilfe-siegen.de\/index.php?rest_route=%2Fwp%2Fv2%2Fcomments&post=170"}],"version-history":[{"count":22,"href":"https:\/\/www.hospizhilfe-siegen.de\/index.php?rest_route=\/wp\/v2\/pages\/170\/revisions"}],"predecessor-version":[{"id":3720,"href":"https:\/\/www.hospizhilfe-siegen.de\/index.php?rest_route=\/wp\/v2\/pages\/170\/revisions\/3720"}],"up":[{"embeddable":true,"href":"https:\/\/www.hospizhilfe-siegen.de\/index.php?rest_route=\/wp\/v2\/pages\/21"}],"wp:attachment":[{"href":"https:\/\/www.hospizhilfe-siegen.de\/index.php?rest_route=%2Fwp%2Fv2%2Fmedia&parent=170"}],"curies":[{"name":"wp","href":"https:\/\/api.w.org\/{rel}","templated":true}]}}