{"id":189,"date":"2017-03-22T13:21:39","date_gmt":"2017-03-22T13:21:39","guid":{"rendered":"https:\/\/www.hospizhilfe-siegen.de\/?page_id=189"},"modified":"2025-08-06T07:27:27","modified_gmt":"2025-08-06T07:27:27","slug":"trauergruppe","status":"publish","type":"page","link":"https:\/\/www.hospizhilfe-siegen.de\/?page_id=189","title":{"rendered":"Trauerwanderung- gemeinsam unterwegs"},"content":{"rendered":"\n<figure class=\"wp-block-image size-large is-style-rounded\"><img loading=\"lazy\" decoding=\"async\" width=\"1024\" height=\"573\" src=\"https:\/\/www.hospizhilfe-siegen.de\/wp-content\/uploads\/2022\/03\/TW-Foto-Kinkel-scaled-e1646215456342-1024x573.jpg\" alt=\"\" class=\"wp-image-2869\" srcset=\"https:\/\/www.hospizhilfe-siegen.de\/wp-content\/uploads\/2022\/03\/TW-Foto-Kinkel-scaled-e1646215456342-1024x573.jpg 1024w, https:\/\/www.hospizhilfe-siegen.de\/wp-content\/uploads\/2022\/03\/TW-Foto-Kinkel-scaled-e1646215456342-300x168.jpg 300w, https:\/\/www.hospizhilfe-siegen.de\/wp-content\/uploads\/2022\/03\/TW-Foto-Kinkel-scaled-e1646215456342-768x430.jpg 768w, https:\/\/www.hospizhilfe-siegen.de\/wp-content\/uploads\/2022\/03\/TW-Foto-Kinkel-scaled-e1646215456342-1536x859.jpg 1536w, https:\/\/www.hospizhilfe-siegen.de\/wp-content\/uploads\/2022\/03\/TW-Foto-Kinkel-scaled-e1646215456342-2048x1146.jpg 2048w\" sizes=\"auto, (max-width: 1024px) 100vw, 1024px\" \/><figcaption class=\"wp-element-caption\">Trauerwanderung Bild: Foto Kinkel Niederfischbach<\/figcaption><\/figure>\n\n\n\n<p><\/p>\n\n\n\n<p><em>Ein neuer Weg ist immer ein Wagnis.<br>Aber wenn wir den Mut haben loszugehen,<br>dann ist jedes stolpern und jeder Fehltritt<br>ein Sieg \u00fcber unsere \u00c4ngste,<br>\u00dcber unsere Zweifel und Bedenken.<br><strong>Demokrit<\/strong><\/em><\/p>\n\n\n\n<!--more-->\n\n\n\n<p>Wir laden Trauernde, die einen nahestehenden Menschen verloren haben, zu gef\u00fchrten Trauerwanderungen ein.<br>Gemeinsam unterwegs ins Gespr\u00e4ch kommen, gemeinsam schweigen oder auch weinen. Beim Laufen in der Natur und im Austausch mit anderen Trauernden k\u00f6nnen Sie neuen Mut und Kraft f\u00fcr den Alltag sch\u00f6pfen und neue Impulse f\u00fcr den eigenen &#8222;Trauerweg&#8220; finden.<br>Erfahrene Mitarbeiter\/innen unterst\u00fctzen die Gruppe als Gespr\u00e4chspartner.<\/p>\n\n\n\n<p>Aktuell bieten wir Trauerwanderungen regelm\u00e4\u00dfig von M\u00e4rz bis November am jeweils 4. Samstag im ungeraden Monat an.<br>In den Monaten M\u00e4rz, Mai, Juli und September finden sie jeweils um 14.30 Uhr an unterschiedlichen Treffpunkten im Siegerland statt, <br>im November treffen wir uns vormittags um 11 Uhr.<\/p>\n\n\n\n<p>Unter dem Button <strong>&#8222;aktuell&#8220;<\/strong> werden die Treffpunkte f\u00fcr die Wanderungen und weitere Infos ver\u00f6ffentlicht. Auch finden Sie regelm\u00e4\u00dfig Infos zu unserer Arbeit und zu geplanten Veranstaltungen in unseren Beitr\u00e4gen auf Facebook und Instagram.<\/p>\n\n\n\n<div class=\"wp-block-buttons is-layout-flex wp-block-buttons-is-layout-flex\">\n<div class=\"wp-block-button\"><a class=\"wp-block-button__link wp-element-button\" href=\"https:\/\/www.hospizhilfe-siegen.de\/?page_id=180\" target=\"_blank\" rel=\"noreferrer noopener\">aktuell<\/a><\/div>\n<\/div>\n\n\n\n<p><\/p>\n\n\n\n<p><strong>Eine Anmeldung ist nicht erforderlich !<\/strong><\/p>\n\n\n\n<p>Bitte auf geeignete Kleidung und festes Schuhwerk achten.<br>Die Wanderungen finden auch bei Regenwetter statt !<\/p>\n\n\n\n<p>Die Teilnahme ist kostenlos, mit einer Spende k\u00f6nnen Sie unsere Trauerarbeit unterst\u00fctzen<br><strong>Sparkasse Siegen<br>IBAN: DE42 4605 0001 0000 079 079<\/strong><br><\/p>\n","protected":false},"excerpt":{"rendered":"<p>Ein neuer Weg ist immer ein Wagnis.Aber wenn wir den Mut haben loszugehen,dann ist jedes stolpern und jeder Fehltrittein Sieg \u00fcber unsere \u00c4ngste,\u00dcber unsere Zweifel und Bedenken.Demokrit<\/p>\n","protected":false},"author":2,"featured_media":2869,"parent":170,"menu_order":0,"comment_status":"closed","ping_status":"closed","template":"","meta":{"_mc_calendar":[],"footnotes":""},"class_list":["post-189","page","type-page","status-publish","has-post-thumbnail","hentry"],"yoast_head":"<!-- This site is optimized with the Yoast SEO plugin v26.3 - https:\/\/yoast.com\/wordpress\/plugins\/seo\/ -->\n<title>Trauerwanderung- gemeinsam unterwegs - hospizhilfe siegen<\/title>\n<meta name=\"robots\" content=\"index, follow, max-snippet:-1, max-image-preview:large, max-video-preview:-1\" \/>\n<link rel=\"canonical\" href=\"https:\/\/www.hospizhilfe-siegen.de\/?page_id=189\" \/>\n<meta property=\"og:locale\" content=\"de_DE\" \/>\n<meta property=\"og:type\" content=\"article\" \/>\n<meta property=\"og:title\" content=\"Trauerwanderung- gemeinsam unterwegs - hospizhilfe siegen\" \/>\n<meta property=\"og:description\" content=\"Ein neuer Weg ist immer ein Wagnis.Aber wenn wir den Mut haben loszugehen,dann ist jedes stolpern und jeder Fehltrittein Sieg \u00fcber unsere \u00c4ngste,\u00dcber unsere Zweifel und Bedenken.Demokrit\" \/>\n<meta property=\"og:url\" content=\"https:\/\/www.hospizhilfe-siegen.de\/?page_id=189\" \/>\n<meta property=\"og:site_name\" content=\"hospizhilfe siegen\" \/>\n<meta property=\"article:publisher\" content=\"https:\/\/www.facebook.com\/HospizhilfeSiegen\" \/>\n<meta property=\"article:modified_time\" content=\"2025-08-06T07:27:27+00:00\" \/>\n<meta property=\"og:image\" content=\"https:\/\/www.hospizhilfe-siegen.de\/wp-content\/uploads\/2022\/03\/TW-Foto-Kinkel-scaled-e1646215456342.jpg\" \/>\n\t<meta property=\"og:image:width\" content=\"2252\" \/>\n\t<meta property=\"og:image:height\" content=\"1260\" \/>\n\t<meta property=\"og:image:type\" content=\"image\/jpeg\" \/>\n<meta name=\"twitter:card\" content=\"summary_large_image\" \/>\n<meta name=\"twitter:label1\" content=\"Gesch\u00e4tzte Lesezeit\" \/>\n\t<meta name=\"twitter:data1\" content=\"2\u00a0Minuten\" \/>\n<script type=\"application\/ld+json\" class=\"yoast-schema-graph\">{\"@context\":\"https:\/\/schema.org\",\"@graph\":[{\"@type\":\"WebPage\",\"@id\":\"https:\/\/www.hospizhilfe-siegen.de\/?page_id=189\",\"url\":\"https:\/\/www.hospizhilfe-siegen.de\/?page_id=189\",\"name\":\"Trauerwanderung- gemeinsam unterwegs - hospizhilfe siegen\",\"isPartOf\":{\"@id\":\"https:\/\/www.hospizhilfe-siegen.de\/#website\"},\"primaryImageOfPage\":{\"@id\":\"https:\/\/www.hospizhilfe-siegen.de\/?page_id=189#primaryimage\"},\"image\":{\"@id\":\"https:\/\/www.hospizhilfe-siegen.de\/?page_id=189#primaryimage\"},\"thumbnailUrl\":\"https:\/\/www.hospizhilfe-siegen.de\/wp-content\/uploads\/2022\/03\/TW-Foto-Kinkel-scaled-e1646215456342.jpg\",\"datePublished\":\"2017-03-22T13:21:39+00:00\",\"dateModified\":\"2025-08-06T07:27:27+00:00\",\"breadcrumb\":{\"@id\":\"https:\/\/www.hospizhilfe-siegen.de\/?page_id=189#breadcrumb\"},\"inLanguage\":\"de\",\"potentialAction\":[{\"@type\":\"ReadAction\",\"target\":[\"https:\/\/www.hospizhilfe-siegen.de\/?page_id=189\"]}]},{\"@type\":\"ImageObject\",\"inLanguage\":\"de\",\"@id\":\"https:\/\/www.hospizhilfe-siegen.de\/?page_id=189#primaryimage\",\"url\":\"https:\/\/www.hospizhilfe-siegen.de\/wp-content\/uploads\/2022\/03\/TW-Foto-Kinkel-scaled-e1646215456342.jpg\",\"contentUrl\":\"https:\/\/www.hospizhilfe-siegen.de\/wp-content\/uploads\/2022\/03\/TW-Foto-Kinkel-scaled-e1646215456342.jpg\",\"width\":2252,\"height\":1260,\"caption\":\"Trauerwanderung\"},{\"@type\":\"BreadcrumbList\",\"@id\":\"https:\/\/www.hospizhilfe-siegen.de\/?page_id=189#breadcrumb\",\"itemListElement\":[{\"@type\":\"ListItem\",\"position\":1,\"name\":\"Startseite\",\"item\":\"https:\/\/www.hospizhilfe-siegen.de\/\"},{\"@type\":\"ListItem\",\"position\":2,\"name\":\"f\u00fcr Angeh\u00f6rige\",\"item\":\"https:\/\/www.hospizhilfe-siegen.de\/?page_id=21\"},{\"@type\":\"ListItem\",\"position\":3,\"name\":\"Trauerbegleitung\",\"item\":\"https:\/\/www.hospizhilfe-siegen.de\/?page_id=170\"},{\"@type\":\"ListItem\",\"position\":4,\"name\":\"Trauerwanderung- gemeinsam unterwegs\"}]},{\"@type\":\"WebSite\",\"@id\":\"https:\/\/www.hospizhilfe-siegen.de\/#website\",\"url\":\"https:\/\/www.hospizhilfe-siegen.de\/\",\"name\":\"hospizhilfe siegen\",\"description\":\"\",\"publisher\":{\"@id\":\"https:\/\/www.hospizhilfe-siegen.de\/#organization\"},\"potentialAction\":[{\"@type\":\"SearchAction\",\"target\":{\"@type\":\"EntryPoint\",\"urlTemplate\":\"https:\/\/www.hospizhilfe-siegen.de\/?s={search_term_string}\"},\"query-input\":{\"@type\":\"PropertyValueSpecification\",\"valueRequired\":true,\"valueName\":\"search_term_string\"}}],\"inLanguage\":\"de\"},{\"@type\":\"Organization\",\"@id\":\"https:\/\/www.hospizhilfe-siegen.de\/#organization\",\"name\":\"Ambulante \u00f6kumenische Hospizhilfe Siegen e.V.\",\"url\":\"https:\/\/www.hospizhilfe-siegen.de\/\",\"logo\":{\"@type\":\"ImageObject\",\"inLanguage\":\"de\",\"@id\":\"https:\/\/www.hospizhilfe-siegen.de\/#\/schema\/logo\/image\/\",\"url\":\"https:\/\/www.hospizhilfe-siegen.de\/wp-content\/uploads\/2017\/03\/logo_400.jpg\",\"contentUrl\":\"https:\/\/www.hospizhilfe-siegen.de\/wp-content\/uploads\/2017\/03\/logo_400.jpg\",\"width\":407,\"height\":159,\"caption\":\"Ambulante \u00f6kumenische Hospizhilfe Siegen e.V.\"},\"image\":{\"@id\":\"https:\/\/www.hospizhilfe-siegen.de\/#\/schema\/logo\/image\/\"},\"sameAs\":[\"https:\/\/www.facebook.com\/HospizhilfeSiegen\"]}]}<\/script>\n<!-- \/ Yoast SEO plugin. -->","yoast_head_json":{"title":"Trauerwanderung- gemeinsam unterwegs - hospizhilfe siegen","robots":{"index":"index","follow":"follow","max-snippet":"max-snippet:-1","max-image-preview":"max-image-preview:large","max-video-preview":"max-video-preview:-1"},"canonical":"https:\/\/www.hospizhilfe-siegen.de\/?page_id=189","og_locale":"de_DE","og_type":"article","og_title":"Trauerwanderung- gemeinsam unterwegs - hospizhilfe siegen","og_description":"Ein neuer Weg ist immer ein Wagnis.Aber wenn wir den Mut haben loszugehen,dann ist jedes stolpern und jeder Fehltrittein Sieg \u00fcber unsere \u00c4ngste,\u00dcber unsere Zweifel und Bedenken.Demokrit","og_url":"https:\/\/www.hospizhilfe-siegen.de\/?page_id=189","og_site_name":"hospizhilfe siegen","article_publisher":"https:\/\/www.facebook.com\/HospizhilfeSiegen","article_modified_time":"2025-08-06T07:27:27+00:00","og_image":[{"width":2252,"height":1260,"url":"https:\/\/www.hospizhilfe-siegen.de\/wp-content\/uploads\/2022\/03\/TW-Foto-Kinkel-scaled-e1646215456342.jpg","type":"image\/jpeg"}],"twitter_card":"summary_large_image","twitter_misc":{"Gesch\u00e4tzte Lesezeit":"2\u00a0Minuten"},"schema":{"@context":"https:\/\/schema.org","@graph":[{"@type":"WebPage","@id":"https:\/\/www.hospizhilfe-siegen.de\/?page_id=189","url":"https:\/\/www.hospizhilfe-siegen.de\/?page_id=189","name":"Trauerwanderung- gemeinsam unterwegs - hospizhilfe siegen","isPartOf":{"@id":"https:\/\/www.hospizhilfe-siegen.de\/#website"},"primaryImageOfPage":{"@id":"https:\/\/www.hospizhilfe-siegen.de\/?page_id=189#primaryimage"},"image":{"@id":"https:\/\/www.hospizhilfe-siegen.de\/?page_id=189#primaryimage"},"thumbnailUrl":"https:\/\/www.hospizhilfe-siegen.de\/wp-content\/uploads\/2022\/03\/TW-Foto-Kinkel-scaled-e1646215456342.jpg","datePublished":"2017-03-22T13:21:39+00:00","dateModified":"2025-08-06T07:27:27+00:00","breadcrumb":{"@id":"https:\/\/www.hospizhilfe-siegen.de\/?page_id=189#breadcrumb"},"inLanguage":"de","potentialAction":[{"@type":"ReadAction","target":["https:\/\/www.hospizhilfe-siegen.de\/?page_id=189"]}]},{"@type":"ImageObject","inLanguage":"de","@id":"https:\/\/www.hospizhilfe-siegen.de\/?page_id=189#primaryimage","url":"https:\/\/www.hospizhilfe-siegen.de\/wp-content\/uploads\/2022\/03\/TW-Foto-Kinkel-scaled-e1646215456342.jpg","contentUrl":"https:\/\/www.hospizhilfe-siegen.de\/wp-content\/uploads\/2022\/03\/TW-Foto-Kinkel-scaled-e1646215456342.jpg","width":2252,"height":1260,"caption":"Trauerwanderung"},{"@type":"BreadcrumbList","@id":"https:\/\/www.hospizhilfe-siegen.de\/?page_id=189#breadcrumb","itemListElement":[{"@type":"ListItem","position":1,"name":"Startseite","item":"https:\/\/www.hospizhilfe-siegen.de\/"},{"@type":"ListItem","position":2,"name":"f\u00fcr Angeh\u00f6rige","item":"https:\/\/www.hospizhilfe-siegen.de\/?page_id=21"},{"@type":"ListItem","position":3,"name":"Trauerbegleitung","item":"https:\/\/www.hospizhilfe-siegen.de\/?page_id=170"},{"@type":"ListItem","position":4,"name":"Trauerwanderung- gemeinsam unterwegs"}]},{"@type":"WebSite","@id":"https:\/\/www.hospizhilfe-siegen.de\/#website","url":"https:\/\/www.hospizhilfe-siegen.de\/","name":"hospizhilfe siegen","description":"","publisher":{"@id":"https:\/\/www.hospizhilfe-siegen.de\/#organization"},"potentialAction":[{"@type":"SearchAction","target":{"@type":"EntryPoint","urlTemplate":"https:\/\/www.hospizhilfe-siegen.de\/?s={search_term_string}"},"query-input":{"@type":"PropertyValueSpecification","valueRequired":true,"valueName":"search_term_string"}}],"inLanguage":"de"},{"@type":"Organization","@id":"https:\/\/www.hospizhilfe-siegen.de\/#organization","name":"Ambulante \u00f6kumenische Hospizhilfe Siegen e.V.","url":"https:\/\/www.hospizhilfe-siegen.de\/","logo":{"@type":"ImageObject","inLanguage":"de","@id":"https:\/\/www.hospizhilfe-siegen.de\/#\/schema\/logo\/image\/","url":"https:\/\/www.hospizhilfe-siegen.de\/wp-content\/uploads\/2017\/03\/logo_400.jpg","contentUrl":"https:\/\/www.hospizhilfe-siegen.de\/wp-content\/uploads\/2017\/03\/logo_400.jpg","width":407,"height":159,"caption":"Ambulante \u00f6kumenische Hospizhilfe Siegen e.V."},"image":{"@id":"https:\/\/www.hospizhilfe-siegen.de\/#\/schema\/logo\/image\/"},"sameAs":["https:\/\/www.facebook.com\/HospizhilfeSiegen"]}]}},"_links":{"self":[{"href":"https:\/\/www.hospizhilfe-siegen.de\/index.php?rest_route=\/wp\/v2\/pages\/189","targetHints":{"allow":["GET"]}}],"collection":[{"href":"https:\/\/www.hospizhilfe-siegen.de\/index.php?rest_route=\/wp\/v2\/pages"}],"about":[{"href":"https:\/\/www.hospizhilfe-siegen.de\/index.php?rest_route=\/wp\/v2\/types\/page"}],"author":[{"embeddable":true,"href":"https:\/\/www.hospizhilfe-siegen.de\/index.php?rest_route=\/wp\/v2\/users\/2"}],"replies":[{"embeddable":true,"href":"https:\/\/www.hospizhilfe-siegen.de\/index.php?rest_route=%2Fwp%2Fv2%2Fcomments&post=189"}],"version-history":[{"count":33,"href":"https:\/\/www.hospizhilfe-siegen.de\/index.php?rest_route=\/wp\/v2\/pages\/189\/revisions"}],"predecessor-version":[{"id":3933,"href":"https:\/\/www.hospizhilfe-siegen.de\/index.php?rest_route=\/wp\/v2\/pages\/189\/revisions\/3933"}],"up":[{"embeddable":true,"href":"https:\/\/www.hospizhilfe-siegen.de\/index.php?rest_route=\/wp\/v2\/pages\/170"}],"wp:featuredmedia":[{"embeddable":true,"href":"https:\/\/www.hospizhilfe-siegen.de\/index.php?rest_route=\/wp\/v2\/media\/2869"}],"wp:attachment":[{"href":"https:\/\/www.hospizhilfe-siegen.de\/index.php?rest_route=%2Fwp%2Fv2%2Fmedia&parent=189"}],"curies":[{"name":"wp","href":"https:\/\/api.w.org\/{rel}","templated":true}]}}