{"id":24,"date":"2017-03-06T11:18:15","date_gmt":"2017-03-06T11:18:15","guid":{"rendered":"https:\/\/www.hospizhilfe-siegen.de\/?page_id=24"},"modified":"2025-08-28T06:04:00","modified_gmt":"2025-08-28T06:04:00","slug":"wir-ueber-uns","status":"publish","type":"page","link":"https:\/\/www.hospizhilfe-siegen.de\/?page_id=24","title":{"rendered":"Wir \u00fcber uns"},"content":{"rendered":"\n<h2 class=\"wp-block-heading\">Ambulante \u00f6kumenische Hospizhilfe Siegen e.V.<\/h2>\n\n\n\n<p>Wir begleiten Menschen am Lebensende und ihre Angeh\u00f6rigen im Kreis Siegen-Wittgenstein. Die Hospizhilfe geht auf eine Initiative evangelischer und katholischer Gemeinden in Siegen zur\u00fcck und ist seit ihrer Gr\u00fcndung 1994 \u00f6kumenisch ausgerichtet.<\/p>\n\n\n\n<p>In Zusammenarbeit mit der Koordinationsstelle f\u00fcr ambulante Hospizarbeit des Caritasverbandes Siegen-Wittgenstein e. V. sind wir ein von den Krankenkassen anerkannter Hospiz- und Palliativberatungsdienst. Die hauptamtlichen Koordinatorinnen haben ein abgeschlossenes Studium in Sozialer Arbeit oder eine Ausbildung als Fachkraft Palliativ-Care und Hospizpflege. Sie nehmen regelm\u00e4\u00dfig an Fortbildungen teil.<\/p>\n\n\n\n<p>Bei der Begleitung sterbender Menschen arbeiten wir mit Haus\u00e4rzten, Beratungsstellen, Schmerztherapeuten, Palliativ-Medizinern, ambulanten Pflege- und Palliativpflegediensten, Krankenh\u00e4usern, Pflegeheimen, sowie station\u00e4ren Hospizen zusammen.<\/p>\n\n\n\n<p>Unser Angebot ist kostenlos. Wir halten uns an die Schweigepflicht.<\/p>\n\n\n\n<p><strong>Vorstandsmitglieder<\/strong><br>1. Vorsitzende:<br>Gerrit Ebener-Greis<\/p>\n\n\n\n<p>Stellvertretende Vorsitzende:<br>Christina Pfeifer<\/p>\n\n\n\n<p><strong>Beisitzer<\/strong><br>Iris Dittmann<br>Ulla Krombach-Stettner<br>Karla Hammer<\/p>\n\n\n\n<figure class=\"wp-block-image\"><img loading=\"lazy\" decoding=\"async\" width=\"1024\" height=\"293\" src=\"https:\/\/www.hospizhilfe-siegen.de\/wp-content\/uploads\/2017\/06\/header08-1024x293.jpg\" alt=\"Ambulante \u00f6kumenische Hospizhilfe Siegen\" class=\"wp-image-370\" srcset=\"https:\/\/www.hospizhilfe-siegen.de\/wp-content\/uploads\/2017\/06\/header08-1024x293.jpg 1024w, https:\/\/www.hospizhilfe-siegen.de\/wp-content\/uploads\/2017\/06\/header08-300x86.jpg 300w, https:\/\/www.hospizhilfe-siegen.de\/wp-content\/uploads\/2017\/06\/header08-768x219.jpg 768w, https:\/\/www.hospizhilfe-siegen.de\/wp-content\/uploads\/2017\/06\/header08.jpg 1400w\" sizes=\"auto, (max-width: 1024px) 100vw, 1024px\" \/><\/figure>\n","protected":false},"excerpt":{"rendered":"<p>Ambulante \u00f6kumenische Hospizhilfe Siegen e.V. Wir begleiten Menschen am Lebensende und ihre Angeh\u00f6rigen im Kreis Siegen-Wittgenstein. Die Hospizhilfe geht auf eine Initiative evangelischer und katholischer Gemeinden in Siegen zur\u00fcck und ist seit ihrer Gr\u00fcndung 1994 \u00f6kumenisch ausgerichtet. In Zusammenarbeit mit<\/p>\n","protected":false},"author":2,"featured_media":0,"parent":0,"menu_order":0,"comment_status":"closed","ping_status":"closed","template":"","meta":{"_mc_calendar":[],"footnotes":""},"class_list":["post-24","page","type-page","status-publish","hentry"],"yoast_head":"<!-- This site is optimized with the Yoast SEO plugin v26.3 - https:\/\/yoast.com\/wordpress\/plugins\/seo\/ -->\n<title>Wir \u00fcber uns - hospizhilfe siegen<\/title>\n<meta name=\"robots\" content=\"index, follow, max-snippet:-1, max-image-preview:large, max-video-preview:-1\" \/>\n<link rel=\"canonical\" href=\"https:\/\/www.hospizhilfe-siegen.de\/?page_id=24\" \/>\n<meta property=\"og:locale\" content=\"de_DE\" \/>\n<meta property=\"og:type\" content=\"article\" \/>\n<meta property=\"og:title\" content=\"Wir \u00fcber uns - hospizhilfe siegen\" \/>\n<meta property=\"og:description\" content=\"Ambulante \u00f6kumenische Hospizhilfe Siegen e.V. Wir begleiten Menschen am Lebensende und ihre Angeh\u00f6rigen im Kreis Siegen-Wittgenstein. Die Hospizhilfe geht auf eine Initiative evangelischer und katholischer Gemeinden in Siegen zur\u00fcck und ist seit ihrer Gr\u00fcndung 1994 \u00f6kumenisch ausgerichtet. In Zusammenarbeit mit\" \/>\n<meta property=\"og:url\" content=\"https:\/\/www.hospizhilfe-siegen.de\/?page_id=24\" \/>\n<meta property=\"og:site_name\" content=\"hospizhilfe siegen\" \/>\n<meta property=\"article:publisher\" content=\"https:\/\/www.facebook.com\/HospizhilfeSiegen\" \/>\n<meta property=\"article:modified_time\" content=\"2025-08-28T06:04:00+00:00\" \/>\n<meta property=\"og:image\" content=\"https:\/\/www.hospizhilfe-siegen.de\/wp-content\/uploads\/2017\/06\/header08.jpg\" \/>\n\t<meta property=\"og:image:width\" content=\"1400\" \/>\n\t<meta property=\"og:image:height\" content=\"400\" \/>\n\t<meta property=\"og:image:type\" content=\"image\/jpeg\" \/>\n<meta name=\"twitter:card\" content=\"summary_large_image\" \/>\n<meta name=\"twitter:label1\" content=\"Gesch\u00e4tzte Lesezeit\" \/>\n\t<meta name=\"twitter:data1\" content=\"1\u00a0Minute\" \/>\n<script type=\"application\/ld+json\" class=\"yoast-schema-graph\">{\"@context\":\"https:\/\/schema.org\",\"@graph\":[{\"@type\":\"WebPage\",\"@id\":\"https:\/\/www.hospizhilfe-siegen.de\/?page_id=24\",\"url\":\"https:\/\/www.hospizhilfe-siegen.de\/?page_id=24\",\"name\":\"Wir \u00fcber uns - hospizhilfe siegen\",\"isPartOf\":{\"@id\":\"https:\/\/www.hospizhilfe-siegen.de\/#website\"},\"primaryImageOfPage\":{\"@id\":\"https:\/\/www.hospizhilfe-siegen.de\/?page_id=24#primaryimage\"},\"image\":{\"@id\":\"https:\/\/www.hospizhilfe-siegen.de\/?page_id=24#primaryimage\"},\"thumbnailUrl\":\"https:\/\/www.hospizhilfe-siegen.de\/wp-content\/uploads\/2017\/06\/header08-1024x293.jpg\",\"datePublished\":\"2017-03-06T11:18:15+00:00\",\"dateModified\":\"2025-08-28T06:04:00+00:00\",\"breadcrumb\":{\"@id\":\"https:\/\/www.hospizhilfe-siegen.de\/?page_id=24#breadcrumb\"},\"inLanguage\":\"de\",\"potentialAction\":[{\"@type\":\"ReadAction\",\"target\":[\"https:\/\/www.hospizhilfe-siegen.de\/?page_id=24\"]}]},{\"@type\":\"ImageObject\",\"inLanguage\":\"de\",\"@id\":\"https:\/\/www.hospizhilfe-siegen.de\/?page_id=24#primaryimage\",\"url\":\"https:\/\/www.hospizhilfe-siegen.de\/wp-content\/uploads\/2017\/06\/header08.jpg\",\"contentUrl\":\"https:\/\/www.hospizhilfe-siegen.de\/wp-content\/uploads\/2017\/06\/header08.jpg\",\"width\":1400,\"height\":400,\"caption\":\"Ambulante \u00f6kumenische Hospizhilfe Siegen\"},{\"@type\":\"BreadcrumbList\",\"@id\":\"https:\/\/www.hospizhilfe-siegen.de\/?page_id=24#breadcrumb\",\"itemListElement\":[{\"@type\":\"ListItem\",\"position\":1,\"name\":\"Startseite\",\"item\":\"https:\/\/www.hospizhilfe-siegen.de\/\"},{\"@type\":\"ListItem\",\"position\":2,\"name\":\"Wir \u00fcber uns\"}]},{\"@type\":\"WebSite\",\"@id\":\"https:\/\/www.hospizhilfe-siegen.de\/#website\",\"url\":\"https:\/\/www.hospizhilfe-siegen.de\/\",\"name\":\"hospizhilfe siegen\",\"description\":\"\",\"publisher\":{\"@id\":\"https:\/\/www.hospizhilfe-siegen.de\/#organization\"},\"potentialAction\":[{\"@type\":\"SearchAction\",\"target\":{\"@type\":\"EntryPoint\",\"urlTemplate\":\"https:\/\/www.hospizhilfe-siegen.de\/?s={search_term_string}\"},\"query-input\":{\"@type\":\"PropertyValueSpecification\",\"valueRequired\":true,\"valueName\":\"search_term_string\"}}],\"inLanguage\":\"de\"},{\"@type\":\"Organization\",\"@id\":\"https:\/\/www.hospizhilfe-siegen.de\/#organization\",\"name\":\"Ambulante \u00f6kumenische Hospizhilfe Siegen e.V.\",\"url\":\"https:\/\/www.hospizhilfe-siegen.de\/\",\"logo\":{\"@type\":\"ImageObject\",\"inLanguage\":\"de\",\"@id\":\"https:\/\/www.hospizhilfe-siegen.de\/#\/schema\/logo\/image\/\",\"url\":\"https:\/\/www.hospizhilfe-siegen.de\/wp-content\/uploads\/2017\/03\/logo_400.jpg\",\"contentUrl\":\"https:\/\/www.hospizhilfe-siegen.de\/wp-content\/uploads\/2017\/03\/logo_400.jpg\",\"width\":407,\"height\":159,\"caption\":\"Ambulante \u00f6kumenische Hospizhilfe Siegen e.V.\"},\"image\":{\"@id\":\"https:\/\/www.hospizhilfe-siegen.de\/#\/schema\/logo\/image\/\"},\"sameAs\":[\"https:\/\/www.facebook.com\/HospizhilfeSiegen\"]}]}<\/script>\n<!-- \/ Yoast SEO plugin. -->","yoast_head_json":{"title":"Wir \u00fcber uns - hospizhilfe siegen","robots":{"index":"index","follow":"follow","max-snippet":"max-snippet:-1","max-image-preview":"max-image-preview:large","max-video-preview":"max-video-preview:-1"},"canonical":"https:\/\/www.hospizhilfe-siegen.de\/?page_id=24","og_locale":"de_DE","og_type":"article","og_title":"Wir \u00fcber uns - hospizhilfe siegen","og_description":"Ambulante \u00f6kumenische Hospizhilfe Siegen e.V. Wir begleiten Menschen am Lebensende und ihre Angeh\u00f6rigen im Kreis Siegen-Wittgenstein. Die Hospizhilfe geht auf eine Initiative evangelischer und katholischer Gemeinden in Siegen zur\u00fcck und ist seit ihrer Gr\u00fcndung 1994 \u00f6kumenisch ausgerichtet. In Zusammenarbeit mit","og_url":"https:\/\/www.hospizhilfe-siegen.de\/?page_id=24","og_site_name":"hospizhilfe siegen","article_publisher":"https:\/\/www.facebook.com\/HospizhilfeSiegen","article_modified_time":"2025-08-28T06:04:00+00:00","og_image":[{"width":1400,"height":400,"url":"https:\/\/www.hospizhilfe-siegen.de\/wp-content\/uploads\/2017\/06\/header08.jpg","type":"image\/jpeg"}],"twitter_card":"summary_large_image","twitter_misc":{"Gesch\u00e4tzte Lesezeit":"1\u00a0Minute"},"schema":{"@context":"https:\/\/schema.org","@graph":[{"@type":"WebPage","@id":"https:\/\/www.hospizhilfe-siegen.de\/?page_id=24","url":"https:\/\/www.hospizhilfe-siegen.de\/?page_id=24","name":"Wir \u00fcber uns - hospizhilfe siegen","isPartOf":{"@id":"https:\/\/www.hospizhilfe-siegen.de\/#website"},"primaryImageOfPage":{"@id":"https:\/\/www.hospizhilfe-siegen.de\/?page_id=24#primaryimage"},"image":{"@id":"https:\/\/www.hospizhilfe-siegen.de\/?page_id=24#primaryimage"},"thumbnailUrl":"https:\/\/www.hospizhilfe-siegen.de\/wp-content\/uploads\/2017\/06\/header08-1024x293.jpg","datePublished":"2017-03-06T11:18:15+00:00","dateModified":"2025-08-28T06:04:00+00:00","breadcrumb":{"@id":"https:\/\/www.hospizhilfe-siegen.de\/?page_id=24#breadcrumb"},"inLanguage":"de","potentialAction":[{"@type":"ReadAction","target":["https:\/\/www.hospizhilfe-siegen.de\/?page_id=24"]}]},{"@type":"ImageObject","inLanguage":"de","@id":"https:\/\/www.hospizhilfe-siegen.de\/?page_id=24#primaryimage","url":"https:\/\/www.hospizhilfe-siegen.de\/wp-content\/uploads\/2017\/06\/header08.jpg","contentUrl":"https:\/\/www.hospizhilfe-siegen.de\/wp-content\/uploads\/2017\/06\/header08.jpg","width":1400,"height":400,"caption":"Ambulante \u00f6kumenische Hospizhilfe Siegen"},{"@type":"BreadcrumbList","@id":"https:\/\/www.hospizhilfe-siegen.de\/?page_id=24#breadcrumb","itemListElement":[{"@type":"ListItem","position":1,"name":"Startseite","item":"https:\/\/www.hospizhilfe-siegen.de\/"},{"@type":"ListItem","position":2,"name":"Wir \u00fcber uns"}]},{"@type":"WebSite","@id":"https:\/\/www.hospizhilfe-siegen.de\/#website","url":"https:\/\/www.hospizhilfe-siegen.de\/","name":"hospizhilfe siegen","description":"","publisher":{"@id":"https:\/\/www.hospizhilfe-siegen.de\/#organization"},"potentialAction":[{"@type":"SearchAction","target":{"@type":"EntryPoint","urlTemplate":"https:\/\/www.hospizhilfe-siegen.de\/?s={search_term_string}"},"query-input":{"@type":"PropertyValueSpecification","valueRequired":true,"valueName":"search_term_string"}}],"inLanguage":"de"},{"@type":"Organization","@id":"https:\/\/www.hospizhilfe-siegen.de\/#organization","name":"Ambulante \u00f6kumenische Hospizhilfe Siegen e.V.","url":"https:\/\/www.hospizhilfe-siegen.de\/","logo":{"@type":"ImageObject","inLanguage":"de","@id":"https:\/\/www.hospizhilfe-siegen.de\/#\/schema\/logo\/image\/","url":"https:\/\/www.hospizhilfe-siegen.de\/wp-content\/uploads\/2017\/03\/logo_400.jpg","contentUrl":"https:\/\/www.hospizhilfe-siegen.de\/wp-content\/uploads\/2017\/03\/logo_400.jpg","width":407,"height":159,"caption":"Ambulante \u00f6kumenische Hospizhilfe Siegen e.V."},"image":{"@id":"https:\/\/www.hospizhilfe-siegen.de\/#\/schema\/logo\/image\/"},"sameAs":["https:\/\/www.facebook.com\/HospizhilfeSiegen"]}]}},"_links":{"self":[{"href":"https:\/\/www.hospizhilfe-siegen.de\/index.php?rest_route=\/wp\/v2\/pages\/24","targetHints":{"allow":["GET"]}}],"collection":[{"href":"https:\/\/www.hospizhilfe-siegen.de\/index.php?rest_route=\/wp\/v2\/pages"}],"about":[{"href":"https:\/\/www.hospizhilfe-siegen.de\/index.php?rest_route=\/wp\/v2\/types\/page"}],"author":[{"embeddable":true,"href":"https:\/\/www.hospizhilfe-siegen.de\/index.php?rest_route=\/wp\/v2\/users\/2"}],"replies":[{"embeddable":true,"href":"https:\/\/www.hospizhilfe-siegen.de\/index.php?rest_route=%2Fwp%2Fv2%2Fcomments&post=24"}],"version-history":[{"count":19,"href":"https:\/\/www.hospizhilfe-siegen.de\/index.php?rest_route=\/wp\/v2\/pages\/24\/revisions"}],"predecessor-version":[{"id":3956,"href":"https:\/\/www.hospizhilfe-siegen.de\/index.php?rest_route=\/wp\/v2\/pages\/24\/revisions\/3956"}],"wp:attachment":[{"href":"https:\/\/www.hospizhilfe-siegen.de\/index.php?rest_route=%2Fwp%2Fv2%2Fmedia&parent=24"}],"curies":[{"name":"wp","href":"https:\/\/api.w.org\/{rel}","templated":true}]}}