{"id":47,"date":"2017-03-06T11:46:37","date_gmt":"2017-03-06T11:46:37","guid":{"rendered":"https:\/\/www.hospizhilfe-siegen.de\/?page_id=47"},"modified":"2017-03-06T11:46:37","modified_gmt":"2017-03-06T11:46:37","slug":"datenschutz","status":"publish","type":"page","link":"https:\/\/www.hospizhilfe-siegen.de\/?page_id=47","title":{"rendered":"Datenschutz"},"content":{"rendered":"<p><strong>Datenschutzerkl\u00e4rung<\/strong><br \/>\nWir freuen uns, dass Sie unsere Webseiten besuchen und bedanken uns f\u00fcr Ihr Interesse an unserem Unternehmen, unseren Produkten und unseren Webseiten. Der Schutz Ihrer Privatsph\u00e4re bei der Nutzung unserer Webseiten ist uns wichtig.<br \/>\nDaher nehmen Sie bitte nachstehende Informationen zur Kenntnis:<\/p>\n<p><strong>Anonyme Datenerhebung<\/strong><br \/>\nSie k\u00f6nnen unsere Webseiten grunds\u00e4tzlich besuchen, ohne uns mitzuteilen, wer Sie sind. Wir erfahren nur den Namen Ihres Internet Service Providers, die Webseite, von der aus Sie uns besuchen, und die Webseiten, die Sie bei uns besuchen.<br \/>\nDiese Informationen werden zu statistischen Zwecken ausgewertet. Sie bleiben als einzelne Nutzerin und einzelner Nutzer hierbei anonym.<\/p>\n<p><strong>Erhebung und Verarbeitung personenbezogener Daten:<\/strong><br \/>\nSofern Sie Service-Leistungen in Anspruch nehmen, werden in der Regel nur solche Daten erhoben, die wir zur Erbringung der Leistungen ben\u00f6tigen. Soweit wir Sie um weitergehende Daten bitten, handelt es sich um freiwillige Informationen.<br \/>\nDie Verarbeitung der pers\u00f6nlichen Daten erfolgt ausschlie\u00dflich zur Erf\u00fcllung des nachgefragten Service und zur Wahrung berechtigter eigener Gesch\u00e4ftsinteressen.<\/p>\n<p><strong>Export und Verarbeitung der Daten in Staaten au\u00dferhalb des Europ\u00e4ischen Wirtschaftsraumes:<\/strong><br \/>\nEs findet kein Export der Daten in Staaten au\u00dferhalb des EWR statt.<\/p>\n<p><strong>Nutzung und Weitergabe personenbezogener Daten:<\/strong><br \/>\nDie im Rahmen unserer Webseiten erhobenen personenbezogenen Daten werden ohne Ihre Einwilligung nur zur Vertragsabwicklung und Bearbeitung Ihrer Anfragen genutzt. Dar\u00fcber hinaus erfolgt eine Nutzung Ihrer Daten f\u00fcr Zwecke der Werbung und Marktforschung sowie zur bedarfsgerechten Gestaltung der elektronischen Dienste nur, wenn Sie hierzu zuvor Ihre Einwilligung erteilt haben. Die Nutzung Ihrer Daten f\u00fcr pers\u00f6nlich auf Sie zugeschnittene Werbung erfolgt ebenfalls nur im Falle Ihrer Einwilligung.<\/p>\n<p>Wir werden Ihre pers\u00f6nlichen Daten gegen\u00fcber anderen Unternehmen oder Institutionen weder offenlegen, \u00fcberlassen, verkaufen noch anderweitig vermarkten, sofern nicht Ihre ausdr\u00fcckliche Einverst\u00e4ndniserkl\u00e4rung vorliegt. Etwas anderes gilt, wenn wir zu einer Offenlegung und \u00dcbermittlung der Daten gesetzlich oder durch ein gerichtliches Urteil verpflichtet sind.<\/p>\n<p><strong>Weitere Informationen und Kontakt:<\/strong><br \/>\nWenn Sie weitere Fragen zum Thema haben, wenden Sie sich an uns.<br \/>\n<strong>Iris Dittmann<\/strong><br \/>\nLeiterin der Koordinationsstelle<br \/>\nTelefon: 0271\/23602-62<br \/>\nEmail: i. <a href=\"mailto:dittmann@caritas-siegen.de\">dittmann@caritas-siegen.de<\/a><\/p>\n","protected":false},"excerpt":{"rendered":"<p>Datenschutzerkl\u00e4rung Wir freuen uns, dass Sie unsere Webseiten besuchen und bedanken uns f\u00fcr Ihr Interesse an unserem Unternehmen, unseren Produkten und unseren Webseiten. Der Schutz Ihrer Privatsph\u00e4re bei der Nutzung unserer Webseiten ist uns wichtig. Daher nehmen Sie bitte nachstehende<\/p>\n","protected":false},"author":2,"featured_media":0,"parent":0,"menu_order":0,"comment_status":"closed","ping_status":"closed","template":"","meta":{"_mc_calendar":[],"footnotes":""},"class_list":["post-47","page","type-page","status-publish","hentry"],"yoast_head":"<!-- This site is optimized with the Yoast SEO plugin v26.3 - https:\/\/yoast.com\/wordpress\/plugins\/seo\/ -->\n<title>Datenschutz - hospizhilfe siegen<\/title>\n<meta name=\"robots\" content=\"index, follow, max-snippet:-1, max-image-preview:large, max-video-preview:-1\" \/>\n<link rel=\"canonical\" href=\"https:\/\/www.hospizhilfe-siegen.de\/?page_id=47\" \/>\n<meta property=\"og:locale\" content=\"de_DE\" \/>\n<meta property=\"og:type\" content=\"article\" \/>\n<meta property=\"og:title\" content=\"Datenschutz - hospizhilfe siegen\" \/>\n<meta property=\"og:description\" content=\"Datenschutzerkl\u00e4rung Wir freuen uns, dass Sie unsere Webseiten besuchen und bedanken uns f\u00fcr Ihr Interesse an unserem Unternehmen, unseren Produkten und unseren Webseiten. Der Schutz Ihrer Privatsph\u00e4re bei der Nutzung unserer Webseiten ist uns wichtig. Daher nehmen Sie bitte nachstehende\" \/>\n<meta property=\"og:url\" content=\"https:\/\/www.hospizhilfe-siegen.de\/?page_id=47\" \/>\n<meta property=\"og:site_name\" content=\"hospizhilfe siegen\" \/>\n<meta property=\"article:publisher\" content=\"https:\/\/www.facebook.com\/HospizhilfeSiegen\" \/>\n<meta name=\"twitter:card\" content=\"summary_large_image\" \/>\n<meta name=\"twitter:label1\" content=\"Gesch\u00e4tzte Lesezeit\" \/>\n\t<meta name=\"twitter:data1\" content=\"2\u00a0Minuten\" \/>\n<script type=\"application\/ld+json\" class=\"yoast-schema-graph\">{\"@context\":\"https:\/\/schema.org\",\"@graph\":[{\"@type\":\"WebPage\",\"@id\":\"https:\/\/www.hospizhilfe-siegen.de\/?page_id=47\",\"url\":\"https:\/\/www.hospizhilfe-siegen.de\/?page_id=47\",\"name\":\"Datenschutz - hospizhilfe siegen\",\"isPartOf\":{\"@id\":\"https:\/\/www.hospizhilfe-siegen.de\/#website\"},\"datePublished\":\"2017-03-06T11:46:37+00:00\",\"breadcrumb\":{\"@id\":\"https:\/\/www.hospizhilfe-siegen.de\/?page_id=47#breadcrumb\"},\"inLanguage\":\"de\",\"potentialAction\":[{\"@type\":\"ReadAction\",\"target\":[\"https:\/\/www.hospizhilfe-siegen.de\/?page_id=47\"]}]},{\"@type\":\"BreadcrumbList\",\"@id\":\"https:\/\/www.hospizhilfe-siegen.de\/?page_id=47#breadcrumb\",\"itemListElement\":[{\"@type\":\"ListItem\",\"position\":1,\"name\":\"Startseite\",\"item\":\"https:\/\/www.hospizhilfe-siegen.de\/\"},{\"@type\":\"ListItem\",\"position\":2,\"name\":\"Datenschutz\"}]},{\"@type\":\"WebSite\",\"@id\":\"https:\/\/www.hospizhilfe-siegen.de\/#website\",\"url\":\"https:\/\/www.hospizhilfe-siegen.de\/\",\"name\":\"hospizhilfe siegen\",\"description\":\"\",\"publisher\":{\"@id\":\"https:\/\/www.hospizhilfe-siegen.de\/#organization\"},\"potentialAction\":[{\"@type\":\"SearchAction\",\"target\":{\"@type\":\"EntryPoint\",\"urlTemplate\":\"https:\/\/www.hospizhilfe-siegen.de\/?s={search_term_string}\"},\"query-input\":{\"@type\":\"PropertyValueSpecification\",\"valueRequired\":true,\"valueName\":\"search_term_string\"}}],\"inLanguage\":\"de\"},{\"@type\":\"Organization\",\"@id\":\"https:\/\/www.hospizhilfe-siegen.de\/#organization\",\"name\":\"Ambulante \u00f6kumenische Hospizhilfe Siegen e.V.\",\"url\":\"https:\/\/www.hospizhilfe-siegen.de\/\",\"logo\":{\"@type\":\"ImageObject\",\"inLanguage\":\"de\",\"@id\":\"https:\/\/www.hospizhilfe-siegen.de\/#\/schema\/logo\/image\/\",\"url\":\"https:\/\/www.hospizhilfe-siegen.de\/wp-content\/uploads\/2017\/03\/logo_400.jpg\",\"contentUrl\":\"https:\/\/www.hospizhilfe-siegen.de\/wp-content\/uploads\/2017\/03\/logo_400.jpg\",\"width\":407,\"height\":159,\"caption\":\"Ambulante \u00f6kumenische Hospizhilfe Siegen e.V.\"},\"image\":{\"@id\":\"https:\/\/www.hospizhilfe-siegen.de\/#\/schema\/logo\/image\/\"},\"sameAs\":[\"https:\/\/www.facebook.com\/HospizhilfeSiegen\"]}]}<\/script>\n<!-- \/ Yoast SEO plugin. -->","yoast_head_json":{"title":"Datenschutz - hospizhilfe siegen","robots":{"index":"index","follow":"follow","max-snippet":"max-snippet:-1","max-image-preview":"max-image-preview:large","max-video-preview":"max-video-preview:-1"},"canonical":"https:\/\/www.hospizhilfe-siegen.de\/?page_id=47","og_locale":"de_DE","og_type":"article","og_title":"Datenschutz - hospizhilfe siegen","og_description":"Datenschutzerkl\u00e4rung Wir freuen uns, dass Sie unsere Webseiten besuchen und bedanken uns f\u00fcr Ihr Interesse an unserem Unternehmen, unseren Produkten und unseren Webseiten. Der Schutz Ihrer Privatsph\u00e4re bei der Nutzung unserer Webseiten ist uns wichtig. Daher nehmen Sie bitte nachstehende","og_url":"https:\/\/www.hospizhilfe-siegen.de\/?page_id=47","og_site_name":"hospizhilfe siegen","article_publisher":"https:\/\/www.facebook.com\/HospizhilfeSiegen","twitter_card":"summary_large_image","twitter_misc":{"Gesch\u00e4tzte Lesezeit":"2\u00a0Minuten"},"schema":{"@context":"https:\/\/schema.org","@graph":[{"@type":"WebPage","@id":"https:\/\/www.hospizhilfe-siegen.de\/?page_id=47","url":"https:\/\/www.hospizhilfe-siegen.de\/?page_id=47","name":"Datenschutz - hospizhilfe siegen","isPartOf":{"@id":"https:\/\/www.hospizhilfe-siegen.de\/#website"},"datePublished":"2017-03-06T11:46:37+00:00","breadcrumb":{"@id":"https:\/\/www.hospizhilfe-siegen.de\/?page_id=47#breadcrumb"},"inLanguage":"de","potentialAction":[{"@type":"ReadAction","target":["https:\/\/www.hospizhilfe-siegen.de\/?page_id=47"]}]},{"@type":"BreadcrumbList","@id":"https:\/\/www.hospizhilfe-siegen.de\/?page_id=47#breadcrumb","itemListElement":[{"@type":"ListItem","position":1,"name":"Startseite","item":"https:\/\/www.hospizhilfe-siegen.de\/"},{"@type":"ListItem","position":2,"name":"Datenschutz"}]},{"@type":"WebSite","@id":"https:\/\/www.hospizhilfe-siegen.de\/#website","url":"https:\/\/www.hospizhilfe-siegen.de\/","name":"hospizhilfe siegen","description":"","publisher":{"@id":"https:\/\/www.hospizhilfe-siegen.de\/#organization"},"potentialAction":[{"@type":"SearchAction","target":{"@type":"EntryPoint","urlTemplate":"https:\/\/www.hospizhilfe-siegen.de\/?s={search_term_string}"},"query-input":{"@type":"PropertyValueSpecification","valueRequired":true,"valueName":"search_term_string"}}],"inLanguage":"de"},{"@type":"Organization","@id":"https:\/\/www.hospizhilfe-siegen.de\/#organization","name":"Ambulante \u00f6kumenische Hospizhilfe Siegen e.V.","url":"https:\/\/www.hospizhilfe-siegen.de\/","logo":{"@type":"ImageObject","inLanguage":"de","@id":"https:\/\/www.hospizhilfe-siegen.de\/#\/schema\/logo\/image\/","url":"https:\/\/www.hospizhilfe-siegen.de\/wp-content\/uploads\/2017\/03\/logo_400.jpg","contentUrl":"https:\/\/www.hospizhilfe-siegen.de\/wp-content\/uploads\/2017\/03\/logo_400.jpg","width":407,"height":159,"caption":"Ambulante \u00f6kumenische Hospizhilfe Siegen e.V."},"image":{"@id":"https:\/\/www.hospizhilfe-siegen.de\/#\/schema\/logo\/image\/"},"sameAs":["https:\/\/www.facebook.com\/HospizhilfeSiegen"]}]}},"_links":{"self":[{"href":"https:\/\/www.hospizhilfe-siegen.de\/index.php?rest_route=\/wp\/v2\/pages\/47","targetHints":{"allow":["GET"]}}],"collection":[{"href":"https:\/\/www.hospizhilfe-siegen.de\/index.php?rest_route=\/wp\/v2\/pages"}],"about":[{"href":"https:\/\/www.hospizhilfe-siegen.de\/index.php?rest_route=\/wp\/v2\/types\/page"}],"author":[{"embeddable":true,"href":"https:\/\/www.hospizhilfe-siegen.de\/index.php?rest_route=\/wp\/v2\/users\/2"}],"replies":[{"embeddable":true,"href":"https:\/\/www.hospizhilfe-siegen.de\/index.php?rest_route=%2Fwp%2Fv2%2Fcomments&post=47"}],"version-history":[{"count":1,"href":"https:\/\/www.hospizhilfe-siegen.de\/index.php?rest_route=\/wp\/v2\/pages\/47\/revisions"}],"predecessor-version":[{"id":48,"href":"https:\/\/www.hospizhilfe-siegen.de\/index.php?rest_route=\/wp\/v2\/pages\/47\/revisions\/48"}],"wp:attachment":[{"href":"https:\/\/www.hospizhilfe-siegen.de\/index.php?rest_route=%2Fwp%2Fv2%2Fmedia&parent=47"}],"curies":[{"name":"wp","href":"https:\/\/api.w.org\/{rel}","templated":true}]}}

<p><strong>Datenschutzerklärung</strong><br />
Wir freuen uns, dass Sie unsere Webseiten besuchen und bedanken uns für Ihr Interesse an unserem Unternehmen, unseren Produkten und unseren Webseiten. Der Schutz Ihrer Privatsphäre bei der Nutzung unserer Webseiten ist uns wichtig.<br />
Daher nehmen Sie bitte nachstehende Informationen zur Kenntnis:</p>
<p><strong>Anonyme Datenerhebung</strong><br />
Sie können unsere Webseiten grundsätzlich besuchen, ohne uns mitzuteilen, wer Sie sind. Wir erfahren nur den Namen Ihres Internet Service Providers, die Webseite, von der aus Sie uns besuchen, und die Webseiten, die Sie bei uns besuchen.<br />
Diese Informationen werden zu statistischen Zwecken ausgewertet. Sie bleiben als einzelne Nutzerin und einzelner Nutzer hierbei anonym.</p>
<p><strong>Erhebung und Verarbeitung personenbezogener Daten:</strong><br />
Sofern Sie Service-Leistungen in Anspruch nehmen, werden in der Regel nur solche Daten erhoben, die wir zur Erbringung der Leistungen benötigen. Soweit wir Sie um weitergehende Daten bitten, handelt es sich um freiwillige Informationen.<br />
Die Verarbeitung der persönlichen Daten erfolgt ausschließlich zur Erfüllung des nachgefragten Service und zur Wahrung berechtigter eigener Geschäftsinteressen.</p>
<p><strong>Export und Verarbeitung der Daten in Staaten außerhalb des Europäischen Wirtschaftsraumes:</strong><br />
Es findet kein Export der Daten in Staaten außerhalb des EWR statt.</p>
<p><strong>Nutzung und Weitergabe personenbezogener Daten:</strong><br />
Die im Rahmen unserer Webseiten erhobenen personenbezogenen Daten werden ohne Ihre Einwilligung nur zur Vertragsabwicklung und Bearbeitung Ihrer Anfragen genutzt. Darüber hinaus erfolgt eine Nutzung Ihrer Daten für Zwecke der Werbung und Marktforschung sowie zur bedarfsgerechten Gestaltung der elektronischen Dienste nur, wenn Sie hierzu zuvor Ihre Einwilligung erteilt haben. Die Nutzung Ihrer Daten für persönlich auf Sie zugeschnittene Werbung erfolgt ebenfalls nur im Falle Ihrer Einwilligung.</p>
<p>Wir werden Ihre persönlichen Daten gegenüber anderen Unternehmen oder Institutionen weder offenlegen, überlassen, verkaufen noch anderweitig vermarkten, sofern nicht Ihre ausdrückliche Einverständniserklärung vorliegt. Etwas anderes gilt, wenn wir zu einer Offenlegung und Übermittlung der Daten gesetzlich oder durch ein gerichtliches Urteil verpflichtet sind.</p>
<p><strong>Weitere Informationen und Kontakt:</strong><br />
Wenn Sie weitere Fragen zum Thema haben, wenden Sie sich an uns.<br />
<strong>Iris Dittmann</strong><br />
Leiterin der Koordinationsstelle<br />
Telefon: 0271/23602-62<br />
Email: i. <a href="mailto:dittmann@caritas-siegen.de">dittmann@caritas-siegen.de</a></p>

<p>Datenschutzerklärung Wir freuen uns, dass Sie unsere Webseiten besuchen und bedanken uns für Ihr Interesse an unserem Unternehmen, unseren Produkten und unseren Webseiten. Der Schutz Ihrer Privatsphäre bei der Nutzung unserer Webseiten ist uns wichtig. Daher nehmen Sie bitte nachstehende</p>

<!-- This site is optimized with the Yoast SEO plugin v26.3 - https://yoast.com/wordpress/plugins/seo/ -->
<title>Datenschutz - hospizhilfe siegen</title>
<meta name="robots" content="index, follow, max-snippet:-1, max-image-preview:large, max-video-preview:-1" />
<link rel="canonical" href="https://www.hospizhilfe-siegen.de/?page_id=47" />
<meta property="og:locale" content="de_DE" />
<meta property="og:type" content="article" />
<meta property="og:title" content="Datenschutz - hospizhilfe siegen" />
<meta property="og:description" content="Datenschutzerklärung Wir freuen uns, dass Sie unsere Webseiten besuchen und bedanken uns für Ihr Interesse an unserem Unternehmen, unseren Produkten und unseren Webseiten. Der Schutz Ihrer Privatsphäre bei der Nutzung unserer Webseiten ist uns wichtig. Daher nehmen Sie bitte nachstehende" />
<meta property="og:url" content="https://www.hospizhilfe-siegen.de/?page_id=47" />
<meta property="og:site_name" content="hospizhilfe siegen" />
<meta property="article:publisher" content="https://www.facebook.com/HospizhilfeSiegen" />
<meta name="twitter:card" content="summary_large_image" />
<meta name="twitter:label1" content="Geschätzte Lesezeit" />
	<meta name="twitter:data1" content="2 Minuten" />
<script type="application/ld+json" class="yoast-schema-graph">{"@context":"https://schema.org","@graph":[{"@type":"WebPage","@id":"https://www.hospizhilfe-siegen.de/?page_id=47","url":"https://www.hospizhilfe-siegen.de/?page_id=47","name":"Datenschutz - hospizhilfe siegen","isPartOf":{"@id":"https://www.hospizhilfe-siegen.de/#website"},"datePublished":"2017-03-06T11:46:37+00:00","breadcrumb":{"@id":"https://www.hospizhilfe-siegen.de/?page_id=47#breadcrumb"},"inLanguage":"de","potentialAction":[{"@type":"ReadAction","target":["https://www.hospizhilfe-siegen.de/?page_id=47"]}]},{"@type":"BreadcrumbList","@id":"https://www.hospizhilfe-siegen.de/?page_id=47#breadcrumb","itemListElement":[{"@type":"ListItem","position":1,"name":"Startseite","item":"https://www.hospizhilfe-siegen.de/"},{"@type":"ListItem","position":2,"name":"Datenschutz"}]},{"@type":"WebSite","@id":"https://www.hospizhilfe-siegen.de/#website","url":"https://www.hospizhilfe-siegen.de/","name":"hospizhilfe siegen","description":"","publisher":{"@id":"https://www.hospizhilfe-siegen.de/#organization"},"potentialAction":[{"@type":"SearchAction","target":{"@type":"EntryPoint","urlTemplate":"https://www.hospizhilfe-siegen.de/?s={search_term_string}"},"query-input":{"@type":"PropertyValueSpecification","valueRequired":true,"valueName":"search_term_string"}}],"inLanguage":"de"},{"@type":"Organization","@id":"https://www.hospizhilfe-siegen.de/#organization","name":"Ambulante ökumenische Hospizhilfe Siegen e.V.","url":"https://www.hospizhilfe-siegen.de/","logo":{"@type":"ImageObject","inLanguage":"de","@id":"https://www.hospizhilfe-siegen.de/#/schema/logo/image/","url":"https://www.hospizhilfe-siegen.de/wp-content/uploads/2017/03/logo_400.jpg","contentUrl":"https://www.hospizhilfe-siegen.de/wp-content/uploads/2017/03/logo_400.jpg","width":407,"height":159,"caption":"Ambulante ökumenische Hospizhilfe Siegen e.V."},"image":{"@id":"https://www.hospizhilfe-siegen.de/#/schema/logo/image/"},"sameAs":["https://www.facebook.com/HospizhilfeSiegen"]}]}</script>
<!-- / Yoast SEO plugin. -->

Datenschutzerklärung Wir freuen uns, dass Sie unsere Webseiten besuchen und bedanken uns für Ihr Interesse an unserem Unternehmen, unseren Produkten und unseren Webseiten. Der Schutz Ihrer Privatsphäre bei der Nutzung unserer Webseiten ist uns wichtig. Daher nehmen Sie bitte nachstehende

Ambulante ökumenische Hospizhilfe Siegen e.V.
